st the prime factors of i.
2, 11
Suppose -5*g + 248 = 43. Let r = g + -6. Suppose 4*j - r = -5*m, m + m + 25 = j. List the prime factors of j.
3, 5
Suppose -5*c + 1 = -2*w - 1, -5*w = 2*c - 24. Let s = -2 + 38. Suppose w*f - s = -0*f. What are the prime factors of f?
3
Let l be -1*4 - (2 - 0). Let c(b) be the first derivative of -b**3/3 - 7*b**2/2 - 2*b - 3. What are the prime factors of c(l)?
2
Let p = -4 + 9. Suppose q - 3*c = 72, -c + 343 = p*q + c. Suppose 5*l + q = 8*l. List the prime factors of l.
23
Let l = -127 + 53. List the prime factors of l/(-2) - 9/3.
2, 17
Let i = 17 + -7. What are the prime factors of i?
2, 5
List the prime factors of (44/(-6))/((-6)/36).
2, 11
Suppose -2*u + 57 - 17 = -h, 4*u - 96 = -2*h. List the prime factors of u.
2, 11
Suppose -2*u = -3*u - 8. Let o(i) = -3 - i - 1 + 4. List the prime factors of o(u).
2
Let t be 8/(-28) - 32/(-14). Suppose 10 = x + t. List the prime factors of x.
2
Let m(t) = t**3 - t**2 + 5*t + 1. Let b be (-92)/(-22) - 4/22. Let g be m(b). List the prime factors of (-1)/2 + g/6.
11
Let n(c) = c**2 + 4*c - 4. Let z be n(-10). Suppose z = 2*q - 36. What are the prime factors of q?
2, 23
Suppose 20 + 5 = -3*h + 5*w, h + 2*w - 10 = 0. Suppose -28 = -h*l - 4*l. List the prime factors of l.
7
Let f(c) = c**3 + 13*c**2 + 10*c - 16. Let y be f(-12). What are the prime factors of (-9)/(1 + (-20)/y)?
2, 3
What are the prime factors of (-24)/(-14) + (-6)/(-168)*8?
2
Suppose 5*g - 158 = -4*h, 4*g = -2*h - g + 84. Suppose -5*w + 23 + h = 0. List the prime factors of w.
2, 3
Suppose 4*w - 338 = 2*n, w + 5*n = 7*n + 92. What are the prime factors of w?
2, 41
Suppose -7*g = -9*g - 4. What are the prime factors of (-6 - -3) + (g - -9)?
2
Suppose 5*a + 8 = 7*a. Suppose 2*o - a = -0*o. What are the prime factors of o?
2
Let s(m) = -7*m + 2. Let u be s(2). Let x be u/15*5/(-2). Suppose r = x*r - 3. What are the prime factors of r?
3
Suppose 0 = -5*j + 7*j - 56. List the prime factors of j.
2, 7
Let f(w) = -w**3 - w**2 - w - 1. Let r be f(-1). Suppose -3*k = r, -4*k = 4*i - 6 - 110. What are the prime factors of i?
29
Let y be (-4)/(-2) + 15 + -3. List the prime factors of 328/28 - (-4)/y.
2, 3
Suppose 25 = -3*q - a, -2*q - 20 = -q - 2*a. What are the prime factors of -2*(0/2 + q)?
2, 5
Let a(z) = 15*z - 10. What are the prime factors of a(13)?
5, 37
Let c be 11/22*(-16)/(-1). Suppose -u + 30 = 5*g, -4*u - c - 4 = -2*g. What are the prime factors of g?
2, 3
Suppose -2*m = -5*m + 45. Suppose -2*w + m = -w. List the prime factors of w.
3, 5
Let r = -24 + 8. Let d = -5 - r. List the prime factors of d.
11
What are the prime factors of (-442)/(-65) - 2/(-10)?
7
Suppose 3*z - 36 = 3*x, -5*z - 4*x + 44 + 43 = 0. Suppose z = 4*r - r. Suppose 0*u + q = -5*u + 30, -45 = -r*u - 4*q. List the prime factors of u.
5
Suppose -d + 3*p = -255, 2*d - 23 - 447 = -2*p. List the prime factors of d.
2, 3, 5
Suppose -3 + 2 = -d. Let r = d - 1. What are the prime factors of (r + 1)*(-1 + 3)?
2
Let w be 2*(2/4)/(-1). Let h be 23/4 + w/(-4). What are the prime factors of (-2)/4 - (-81)/h?
13
Suppose 5*u + y - 90 = 0, -93 = -4*u + 3*y - 2. List the prime factors of u.
19
Let q(o) = o**2 + 3*o + 85. List the prime factors of q(0).
5, 17
Let g be 26/3 + 2/(-3). Suppose -5*m - g + 38 = 0. Suppose 4 + m = 5*i. What are the prime factors of i?
2
Let r = -11 - -20. Let a(v) = v - 12. Let y be a(r). Let m(g) = -2*g - 3. List the prime factors of m(y).
3
Suppose 8*u = 95 + 305. What are the prime factors of u?
2, 5
Let z = -2 + 6. Suppose 45 = 5*r + 4*q, -z*r + 5 = -4*q + q. Suppose -3*w = -4*g + 19, 0 = 2*g + w - r*w - 2. What are the prime factors of g?
7
Let f(k) = 3*k**2 - 16*k - 14. Let s be f(6). Let i be ((-1)/2)/(1/8). Let p = s - i. List the prime factors of p.
2
Suppose -305 = -5*j + c, -2*j - j + 3*c = -171. What are the prime factors of j?
2, 31
Let w be -4*(1 + (-4)/2). Suppose 2*s + 0*g - 2*g = 4, w*g - 12 = -s. List the prime factors of s.
2
Let g = -2 - -2. What are the prime factors of (g/1 + -2)*-5?
2, 5
Let m(v) be the third derivative of v**6/120 + v**5/10 + 5*v**4/24 + v**3/3 - 3*v**2. What are the prime factors of m(-4)?
2, 7
Suppose 8 + 2 = -f + 5*z, -f - z + 2 = 0. Suppose f = 5*w - 3*w + 10, 5*w = 2*s - 31. Suppose -8 - 16 = -s*q. List the prime factors of q.
2
Let x(m) = m**2 + 1. Let g be x(-1). Let j be (-3 + g)/((-1)/(-7)). What are the prime factors of (-30)/j - 4/14?
2
Let q(j) be the first derivative of -j**4/4 + 3*j**3 - 7*j**2/2 - 2*j - 2. What are the prime factors of q(8)?
2, 3
Let p(d) = -2*d - 4. Let u be p(-4). Let t(b) = 1 - 3 + u - b. What are the prime factors of t(-6)?
2
Let h(c) = c**3 + 8*c**2 + 7*c + 10. What are the prime factors of h(-7)?
2, 5
Suppose -4*o + 240 = o. Suppose z + z - o = 0. What are the prime factors of z?
2, 3
Let d = -27 + 36. Suppose -3*q = d - 21. List the prime factors of q.
2
Let t = -14 - -97. Let c(y) = -2*y - 8. Let z be c(-6). Suppose z*a - t + 31 = 0. What are the prime factors of a?
13
List the prime factors of (-283)/(-6) - (-2)/(-12).
47
Suppose 11 + 17 = 2*i. List the prime factors of i.
2, 7
Let k = 54 + -9. List the prime factors of k.
3, 5
Suppose 0*u = 3*u - 36. Let c = -2 + u. What are the prime factors of c?
2, 5
Suppose i = -0*i + 2. Suppose -5*v + 27 = i*n, 5*v - 21 = n + 3*n. Suppose p = v*z - 26, -p = 5*z + 2*p - 42. What are the prime factors of z?
2, 3
Suppose -72 = 4*b - 7*b. Suppose 2*j = 4*j + 5*s - 37, -3*j + 3*s = -b. What are the prime factors of j?
11
Suppose -9 = 4*a + 2*p + 7, 0 = 2*p - 4. Suppose 0 = -4*t + 3*t + 17. Let h = t + a. List the prime factors of h.
2, 3
Let a = -57 - -121. What are the prime factors of a?
2
Suppose 7*a = 5*a - 12. List the prime factors of (-24)/(-9) - 2/a.
3
Let t = 3 + -2. Let g(n) = -4 + 5*n**2 + 1 - t + 2*n**3 - 3*n**3. What are the prime factors of g(4)?
2, 3
Suppose 0*p - 23 = 4*o + 3*p, 4*o = p - 3. Let g = 12 + o. What are the prime factors of g?
2, 5
Let y(k) = 40*k**2 + 1. Let z be y(1). Let o = z - 24. What are the prime factors of o?
17
Suppose 3*u = 15 + 3. Suppose u = -2*c + 5*c. Suppose z + h = -z + 22, c*h = 0. List the prime factors of z.
11
Let y be (-10)/25 - 143/5. Let b = -15 - y. What are the prime factors of b?
2, 7
Suppose -6*l + 3*l = -18. Let h be (3 + -6)*(-8)/l. Suppose 3*s = 6*s - 5*p - 25, -h*s + 24 = -2*p. List the prime factors of s.
5
Let l be ((-24)/(-20))/(6/20). Let y = 9 - l. Suppose 0 = -2*a + 7*a + y, 3*h + 4*a = 17. What are the prime factors of h?
7
Suppose 5*u = 4*v - 7*v - 29, 0 = v + 3. Let f be ((-18)/u)/((-2)/4). Let n = f + 21. List the prime factors of n.
2, 3
Let k be (-6)/15*(2 - -3). List the prime factors of k/1*1 + 13.
11
Let o(w) = -4*w - 1. Let u be o(-1). Let l be 1*u + (-3 - -3). Let i = l + 0. What are the prime factors of i?
3
Let m = -5 + -4. Let u be -3 + (-2 - (2 - m)). List the prime factors of (-10 + 0)*24/u.
3, 5
Let c be -49 - 3/(-5 - -2). List the prime factors of 6/(-9)*(c - 0).
2
List the prime factors of (-14)/(-21)*117/1.
2, 3, 13
Let g(r) = -r**3 + 14*r**2 - 14*r + 8. Let m be g(13). What are the prime factors of 30*m*(-4)/50?
2, 3
Let i(t) = -t + 1. Suppose 0 = -l + 3 - 1. Let j be 0/(-2) - l*1. List the prime factors of i(j).
3
Let v = 74 + -6. List the prime factors of v.
2, 17
Let l(d) = -11*d. Suppose 2 = -3*z - 1. List the prime factors of l(z).
11
Suppose 2*b - 31 = -3*w, -4*w + 2*b - 3*b = -48. Suppose 0 = 5*p + w - 108. List the prime factors of p.
19
Let m(u) = 39*u - 5. What are the prime factors of m(4)?
151
Let y be (15/9 + -2)*-9. Let c(h) = 2*h - 2 + 0*h - h**2 + 2*h**2. List the prime factors of c(y).
13
Suppose -t + 3*b = -2*b + 15, 0 = 4*t + 5*b - 65. What are the prime factors of t?
2, 5
Let t = 13 - -15. List the prime factors of t.
2, 7
Let r(v) = -8*v - 7. What are the prime factors of r(-5)?
3, 11
Suppose 2*s + 2 = -4*x + 4, -3*s + 4*x + 53 = 0. List the prime factors of s.
11
Let i(j) = 6*j**3 + j**2 - j. What are the prime factors of i(2)?
2, 5
Suppose -j + 4*t = -13, 4*j = -4*t + 7 + 5. Suppose -2 + 32 = -j*f. Let q(b) = b**2 + 5*b - 4. List the prime factors of q(f).
2
What are the prime factors of 18/(-8)*(6 + -18)?
3
Let i(p) = -p**3 + 6*p**2 + 10*p + 4. List the prime factors of i(7).
5
Let b(u) be the first d